8832 is divided by 329?
327
Calculate the remainder when 85773 is divided by 13130.
6993
What is the remainder when 2890539 is divided by 2820?
39
Calculate the remainder when 799036 is divided by 161.
154
What is the remainder when 2487250 is divided by 1235?
1195
Calculate the remainder when 26855936 is divided by 3356992.
0
Calculate the remainder when 5114410 is divided by 222364.
38
What is the remainder when 10216820 is divided by 11252?
4
What is the remainder when 959380 is divided by 1615?
70
Calculate the remainder when 15599341 is divided by 3029.
3020
What is the remainder when 11747800 is divided by 64548?
64
Calculate the remainder when 60053 is divided by 1764.
77
What is the remainder when 349316 is divided by 174614?
88
Calculate the remainder when 4433806 is divided by 341048.
182
Calculate the remainder when 366435 is divided by 465.
15
Calculate the remainder when 3120997 is divided by 3120980.
17
Calculate the remainder when 90559 is divided by 15092.
7
Calculate the remainder when 1700065 is divided by 1581.
490
What is the remainder when 324615 is divided by 608?
551
What is the remainder when 8323669 is divided by 1123?
1116
What is the remainder when 529277 is divided by 1713?
1673
Calculate the remainder when 6649015 is divided by 382.
305
Calculate the remainder when 2117530 is divided by 705563.
841
What is the remainder when 9252414 is divided by 85?
79
Calculate the remainder when 121024 is divided by 5038.
112
Calculate the remainder when 1015299 is divided by 338382.
153
What is the remainder when 517991 is divided by 4037?
1255
What is the remainder when 121205 is divided by 11885?
2355
Calculate the remainder when 95708 is divided by 322.
74
What is the remainder when 1972693 is divided by 58?
55
Calculate the remainder when 587905636 is divided by 7640.
7636
What is the remainder when 270756 is divided by 67688?
4
What is the remainder when 1238282 is divided by 30957?
2
Calculate the remainder when 219816 is divided by 656.
56
Calculate the remainder when 32827 is divided by 98.
95
What is the remainder when 523136 is divided by 174374?
14
Calculate the remainder when 2678748 is divided by 204.
24
What is the remainder when 630452 is divided by 630404?
48
Calculate the remainder when 3580831 is divided by 408.
223
Calculate the remainder when 527522 is divided by 159.
119
Calculate the remainder when 1372770 is divided by 686375.
20
Calculate the remainder when 16566369 is divided by 9.
6
Calculate the remainder when 42820 is divided by 297.
52
What is the remainder when 99150 is divided by 5514?
5412
What is the remainder when 14676417 is divided by 1110?
1107
What is the remainder when 61954325 is divided by 43?
11
Calculate the remainder when 2265411 is divided by 2265405.
6
Calculate the remainder when 4595440 is divided by 88.
80
Calculate the remainder when 2410967 is divided by 9719.
655
What is the remainder when 207530 is divided by 538?
400
What is the remainder when 198626440 is divided by 704349?
22
What is the remainder when 255902 is divided by 63815?
642
Calculate the remainder when 1816442 is divided by 494.
4
What is the remainder when 137070063 is divided by 4729?
4727
Calculate the remainder when 63269 is divided by 31320.
629
Calculate the remainder when 22134361 is divided by 72.
49
What is the remainder when 164472 is divided by 3988?
964
What is the remainder when 2059091 is divided by 25110?
71
Calculate the remainder when 473842 is divided by 4050.
4042
What is the remainder when 3709095 is divided by 1236357?
24
Calculate the remainder when 7889384 is divided by 1972342.
16
What is the remainder when 1626001 is divided by 31882?
19
Calculate the remainder when 1465565 is divided by 133218.
167
Calculate the remainder when 6125 is divided by 121.
75
What is the remainder when 17520 is divided by 2186?
32
What is the remainder when 21067048 is divided by 162054?
28
Calculate the remainder when 54557 is divided by 52844.
1713
What is the remainder when 6754052 is divided by 55?
52
Calculate the remainder when 8904078 is divided by 247.
222
What is the remainder when 114440 is divided by 112921?
1519
What is the remainder when 309832 is divided by 1270?
1222
Calculate the remainder when 1462968 is divided by 3174.
2928
Calculate the remainder when 1134483 is divided by 3357.
3174
Calculate the remainder when 355052877 is divided by 84.
81
What is the remainder when 217374 is divided by 18?
6
What is the remainder when 1229687 is divided by 409869?
80
Calculate the remainder when 3966372 is divided by 35.
32
What is the remainder when 1744088 is divided by 4778?
118
What is the remainder when 5462813 is divided by 32?
29
Calculate the remainder when 3355241 is divided by 56.
1
What is the remainder when 118121 is divided by 240?
41
What is the remainder when 34405 is divided by 1071?
133
Calculate the remainder when 368833 is divided by 438.
37
Calculate the remainder when 5467272 is divided by 1822366.
174
Calculate the remainder when 446371 is divided by 111552.
163
Calculate the remainder when 3475238 is divided by 184.
30
What is the remainder when 11088494 is divided by 459?
431
Calculate the remainder when 2997044 is divided by 1498505.
34
Calculate the remainder when 324220 is divided by 64.
60
Calculate the remainder when 28044574 is divided by 18.
16
What is the remainder when 1555677 is divided by 518431?
384
Calculate the remainder when 152304 is divided by 3042.
204
Calculate the remainder when 216007 is divided by 610.
67
Calculate the remainder when 98677 is divided by 98474.
203
Calculate the remainder when 26823 is divided by 757.
328
Calculate the remainder when 8631227 is divided by 76.
59
Calculate the remainder when 910233 is divided by 4195.
4113
Calculate the remainder when 425706631 is divided by 1196.
1195
Calculate the remainder when 18560051 is divided by 50.
1
What is the remainder when 128831 is divided by 590?
211
Calculate the remainder when 186407 is divided by 627.
188
What is the remainder when 77222 is divided by 5549?
5085
Calculate the remainder when 4540572 is divided by 13394.
6
Calculate the remainder when 60603004 is divided by 71.
31
What is the remainder when 9281834 is divided by 3061?
882
What is the remainder when 140317 is divided by 3395?
1122
Calculate the remainder when 4945161 is divided by 6524.
6493
Calculate the remainder when 268481 is divided by 6065.
1621
Calculate the remainder when 14182700 is divided by 7.
0
Calculate the remainder when 476003 is divided by 442.
411
Calculate the remainder when 22465 is divided by 8995.
4475
What is the remainder when 4042320 is divided by 549?
33
What is the remainder when 35082282 is divided by 58?
54
What is the remainder when 2156352 is divided by 1198?
1150
What is the remainder when 19790591 is divided by 37?
31
Calculate the remainder when 104826 is divided by 42.
36
Calculate the remainder when 143278 is divided by 28133.
2613
What is the remainder when 2274374 is divided by 568500?
374
What is the remainder when 474104 is divided by 31?
21
Calculate the remainder when 1485146 is divided by 212162.
12
What is the remainder when 13967452 is divided by 365?
362
Calculate the remainder when 32067 is divided by 1568.
707
What is the remainder when 62094 is divided by 5156?
222
What is the remainder when 3773399 is divided by 1452?
1103
What is the remainder when 567132 is divided by 43578?
618
Calculate the remainder when 118994 is divided by 39513.
455
Calculate the remainder when 1082924 is divided by 66.
62
Calculate the remainder when 98114 is divided by 69.
65
Calculate the remainder when 61795534 is divided by 15448875.
34
What is the remainder when 1627134 is divided by 64?
62
What is the remainder when 144984 is divided by 144754?
230
Calculate the remainder when 990552 is divided by 132.
24
Calculate the remainder when 998934 is divided by 4062.
3744
Calculate the remainder when 2158025 is divided by 1079006.
13
Calculate the remainder when 65796899 is divided by 13159370.
49
Calculate the remainder when 464469 is divided by 36.
33
What is the remainder when 36958187 is divided by 3701?
1
Calculate the remainder when 469920 is divided by 18070.
100
Calculate the remainder when 2